-4 + 4. Calculate the greatest common divisor of d and 1.
1
Let j be (-3 - -5)*4*1. What is the highest common divisor of j and 2?
2
Let b = -7 + 7. Suppose -d = 4, b = -4*u + d + 13 + 7. What is the highest common factor of u and 4?
4
Let u = 7 + -4. Suppose 0 = u*v - 16 + 1. Let f = 9 + v. Calculate the greatest common factor of 28 and f.
14
Let k = 0 + 1. Let v be (k - 1)/1 - -12. Calculate the greatest common factor of v and 4.
4
Let z(v) be the second derivative of -4*v**3/3 - 3*v. Let p be z(-1). What is the highest common factor of 2 and p?
2
Let d = 186 - 51. What is the greatest common divisor of 15 and d?
15
Let i = 6 + -6. Suppose w - 2*w + 2 = i. Suppose 3*o + 2*b = -b + 36, -o + 12 = -w*b. What is the greatest common factor of 108 and o?
12
Let y(o) = -o + 9. Let t be y(5). Suppose 105 = 2*s + 3*s. Let h = s + -5. What is the greatest common divisor of t and h?
4
Let o(i) = 6*i + 444 + i**2 - 6*i. Let q be o(0). Suppose -119 = 5*t - q. Calculate the highest common factor of 13 and t.
13
Suppose 0 = 5*b + 5*w - 51 - 39, -3*w = -9. Suppose 385 = 5*o + 160. Calculate the highest common divisor of o and b.
15
Let h be ((-56)/(-6))/((-18)/(-27)). Let y be (-1)/(-2) + 1169/h. Suppose -57 = -5*c + 3. What is the highest common divisor of y and c?
12
Suppose -2*r = o - 6, -2*r - 9 = -1. Let i = 336 + -206. Suppose 3*n + 3*w - 381 = 0, -250 = -3*n - 2*w + i. What is the greatest common divisor of n and o?
14
Let w = -538 + 548. Let g = 8 + -3. Calculate the highest common factor of g and w.
5
Let r(a) = 34*a**3 - 3*a**2 + 1. Let d be r(1). Let z be (10/(-25))/((-2)/240). What is the highest common factor of d and z?
16
Let j be (22 + -1 + -2)/1. Suppose -4*n + j + 9 = 0. What is the highest common divisor of 35 and n?
7
Let a be (45/21)/(((-8)/(-14))/4). What is the highest common factor of a and 45?
15
Let g be ((-36)/(-8))/((-6)/(-16)). Suppose 5*d + i = 129, 3*d - g = -5*i + 83. Calculate the highest common factor of d and 5.
5
Suppose 5*y = -2*w + 5 - 15, -4*w - 2*y = -12. What is the greatest common divisor of 2 and w?
1
Let v(k) = -2*k**2 + 6*k + 2. Let r be v(5). Let b = r + 27. What is the greatest common divisor of 72 and b?
9
Let b = -11 - -47. Calculate the highest common divisor of b and 18.
18
Suppose 18 - 50 = -4*n. What is the highest common factor of n and 60?
4
Let n be 2/(1 - (-21)/(-27)). What is the highest common divisor of n and 1?
1
Suppose -106 - 74 = -6*b. Let t(m) = m**3 - 5*m**2 - 4*m + 8. Let r be t(6). What is the greatest common factor of b and r?
10
Let j(p) = 2*p**2 - 6*p + 6. Let x be -2 + 3 - 1*-3. Let m be j(x). What is the highest common divisor of 112 and m?
14
Suppose 9*v = 4*v + 300. What is the greatest common factor of 20 and v?
20
Let u be 16/(10 + -6) - 1*-71. Calculate the highest common divisor of 15 and u.
15
Let o(j) = 12*j + 6. Let a be o(10). What is the highest common divisor of a and 14?
14
Suppose 0 = 8*z - 3*z - 30. Calculate the greatest common divisor of 42 and z.
6
Let v(n) = -2*n + 7. Let q be v(-5). Let w = -332 + 519. What is the greatest common factor of q and w?
17
Let h = 6 - 6. Suppose 2*q + 2*q + 24 = h. Let i = -3 - q. Calculate the greatest common divisor of 1 and i.
1
Let u(n) = n - 8. Let s be u(6). Let z be s*(-169)/4*2. Let j = -109 + z. Calculate the greatest common divisor of j and 15.
15
Suppose 0*k = -k + 17. Suppose d = 22 + 10. Suppose 0 = -5*w + 3*q + 293 + d, 0 = -5*w - 2*q + 350. Calculate the highest common divisor of w and k.
17
Let j be (1/3)/(4/336). Calculate the greatest common divisor of j and 196.
28
Let q(z) = -2*z**2 - 11*z - 3. Let f be q(-7). Let x be (42/(-8))/(6/f). Calculate the highest common factor of x and 168.
21
Suppose -5*i + 5*j = -305, 2*j + 0*j = i - 61. Let c = i - 11. Calculate the highest common divisor of c and 10.
10
Suppose -4*n = 4*s - 16, 0*s + 8 = s + 5*n. Suppose -1 = -2*o + 19. Suppose 5 = s*j - o. Calculate the greatest common factor of 25 and j.
5
Suppose 5*z - 27 = 48. What is the highest common divisor of 6 and z?
3
Suppose 7 + 3 = -q. Let z(t) = -t**3 - 9*t**2 + 6*t - 7. Let j be z(q). Calculate the greatest common factor of 11 and j.
11
Suppose x = -p + 6*x - 27, -35 = p - x. Let y = 52 + p. Let j = y - 4. What is the greatest common divisor of 11 and j?
11
Let c be (-8)/52 - (-652)/13. What is the greatest common factor of c and 20?
10
Suppose 38 = d - 23. Let m = d - 37. Calculate the highest common divisor of 16 and m.
8
Suppose r = 6 + 2. Suppose 0 = 12*y - r*y - 100. What is the greatest common factor of 125 and y?
25
Let y(d) = -d**2 - 2*d + 3. Let g be y(-3). Suppose s + g = 2. Suppose -s*t = 4*r - 40, 3*r + 10 = -2*r. Calculate the highest common factor of t and 16.
8
Let b = -10 + 26. Suppose 32 = k - 0*k. Calculate the highest common factor of b and k.
16
Let q(y) = -y**2 + y - 1. Let g be q(0). Let p(d) = -11*d**3 + 2*d**2 + 2*d + 1. Let u be p(g). Calculate the highest common divisor of 6 and u.
6
Suppose -2*c + 3*h = -5 - 0, 0 = -2*h + 2. Suppose -45 + 1 = -c*g. Calculate the highest common factor of g and 88.
11
Let r = 25 - 14. Let c be -1 + (0 - -14 - 2). What is the greatest common factor of c and r?
11
Let c = -22 - -35. Calculate the greatest common factor of c and 91.
13
Let d(i) = -3*i + 15 - 2*i**2 - 15 - 2*i**3. Let r be d(-2). What is the highest common factor of r and 35?
7
Suppose -5*n = -3*j + 47, -2*n + j = 3*j + 22. Let w(d) = 4*d + 5. Let v be w(n). Let o = v - -49. What is the highest common factor of 112 and o?
14
Let d(w) = -21*w + 2. Let p be d(-4). Let a = 26 + -4. Let r = p - a. Calculate the greatest common divisor of 8 and r.
8
Let d(l) = 10*l**3 - l**2 - l + 1. Let u be d(1). Suppose -q - 3*q + 36 = 0. Calculate the highest common divisor of q and u.
9
Suppose 0*y = y - 5. Suppose -a = -2*z + 6, -y*z - 4*a + 11 = -17. Calculate the greatest common divisor of z and 12.
4
Suppose 2*i = i + 4*t + 30, 5*t = -3*i + 39. Let l = i + -2. Calculate the highest common divisor of 40 and l.
8
Suppose -t - 4 = -6. What is the highest common divisor of 46 and t?
2
Let l(j) = -2*j - 5. Let u be l(-5). Let b = 11 + u. Calculate the highest common factor of b and 8.
8
Let a(r) = r**3 + 11*r**2 + 9*r - 7. Let g be a(-10). Let c = 11 - 3. Suppose -m + c = g*m. What is the highest common factor of m and 6?
2
Suppose -98 = 2*a - 418. What is the highest common factor of a and 20?
20
Let c be (-2 - -17) + 4 + (-2)/2. Calculate the greatest common divisor of 6 and c.
6
Let j(r) = 54*r. Let d be j(2). Suppose 0 = -2*h + d - 8. Calculate the highest common factor of h and 20.
10
Let u = 0 - -22. Calculate the greatest common divisor of 2 and u.
2
Suppose 4*j + 0*j - 8 = 0, -8 = 5*p + j. Let q be (p + -1)/(3/(-3)). Calculate the greatest common factor of q and 3.
3
Let u(v) = 12*v - 5. Let l be u(5). Let b(t) = -t + 14. Let n be b(3). Calculate the greatest common divisor of l and n.
11
Suppose -5*n = -10, -10 = -g + 5*n + 124. Suppose 2*l + 0*l - g = 0. Calculate the greatest common factor of l and 18.
18
Let q(t) = -t**2 + t + 2. Let v(p) = p**2 - 3*p - 5. Let m(d) = -5*q(d) - 2*v(d). Let s be m(-2). Calculate the highest common factor of 30 and s.
10
Suppose -v = -3*r + 42, -5*r + 89 - 29 = -5*v. Calculate the greatest common divisor of r and 6.
3
Let w(j) = -j - 12. Let y be w(-6). Let d(c) = 3*c**2 + 7*c + 14. Let u be d(y). What is the greatest common factor of u and 10?
10
Let k = 3 + 10. Suppose -i - 715 = -6*i. Calculate the highest common divisor of k and i.
13
Suppose -11 = -4*p + 5*p. Let g = p - -21. What is the greatest common divisor of 80 and g?
10
Let l be 48/2 + (-5 + 5)/(-6). Calculate the greatest common factor of 8 and l.
8
Let g(m) be the third derivative of m**5/60 + 3*m**4/8 + m**3/2 + 9*m**2. Let h be g(-12). Calculate the greatest common factor of h and 13.
13
Suppose 5*q - 11 = 34. What is the greatest common factor of 6 and q?
3
Let c be (-17 + 0)*(-3 - -1). Let n be 10/6*(-7)/(49/(-357)). Calculate the highest common factor of c and n.
17
Suppose 3*a = -2*r + 26, -2*r - 4*a = -r - 13. Let z(t) = t**2 + t + 1. Let n be z(-4). Calculate the highest common divisor of r and n.
13
Let h be 1 + 0 - 354/6. Let g = 22 - h. Let r be ((-12)/10)/((-3)/50). What is the highest common fac